{"id":941,"date":"2013-12-01T01:27:02","date_gmt":"2013-12-01T01:27:02","guid":{"rendered":"http:\/\/wpexplorer-demos.com\/?page_id=941"},"modified":"2026-04-02T13:50:34","modified_gmt":"2026-04-02T10:50:34","slug":"info","status":"publish","type":"page","link":"https:\/\/torikeskus.fi\/?page_id=941","title":{"rendered":"Info"},"content":{"rendered":"[vc_row bg_style=&#8221;stretch&#8221;][vc_column]<div class=\"vcex-module vcex-heading wpex-text-2xl wpex-font-normal wpex-m-auto wpex-max-w-100 vcex-heading-plain wpex-block wpex-text-center\" style=\"font-size:4em;\"><span class=\"vcex-heading-inner wpex-inline-block wpex-clr\">Tervetuloa Torikeskuksen info-sivuille!<\/span><\/div>[\/vc_column][\/vc_row][vc_row bg_style=&#8221;stretch&#8221;][vc_column width=&#8221;1\/4&#8243;][vc_column_text color=&#8221;#333333&#8243; font_size=&#8221;1.2em&#8221;]\n<p class=\"p1\"><strong>Kauppakeskus Torikeskus<\/strong><\/p>\n<p class=\"p1\">V\u00e4in\u00f6nkatu 11 \/ Yliopistonkatu 36-38<br \/>\n40100 Jyv\u00e4skyl\u00e4<\/p>\n[\/vc_column_text][\/vc_column][vc_column width=&#8221;1\/4&#8243;][vc_column_text color=&#8221;#333333&#8243; font_size=&#8221;1.2em&#8221;]<strong>Is\u00e4nn\u00f6inti<\/strong><br \/>\nBusiness Network Oy<br \/>\nSalla Passi<\/p>\n<p>salla.passi@bn.fi[\/vc_column_text][\/vc_column][vc_column width=&#8221;2\/4&#8243;][vc_column_text font_size=&#8221;1.2em&#8221;]Torikeskus \u2013 keskell\u00e4 kaupungin sykett\u00e4! Sijaitsemme Jyv\u00e4skyl\u00e4n ydinkeskustassa V\u00e4in\u00f6nkadun, Kauppakadun ja Yliopistonkadun ymp\u00e4r\u00f6im\u00e4ss\u00e4 korttelissa. Meilt\u00e4 l\u00f6yd\u00e4t pienyritt\u00e4jien persoonalliset erikoisliikkeet sek\u00e4 ravintolat ja trendikk\u00e4\u00e4t illanviettopaikat. Tarvitsetpa sitten uudet vaatteet, silm\u00e4lasit, kampaamo- ja kauneushoitolapalveluita, tai haluat viett\u00e4\u00e4 mukavan illan, Kauppakeskus Torikeskuksen liikkeet ja ravintolat palvelevat sinua. Tule tekem\u00e4\u00e4n p\u00e4iv\u00e4st\u00e4 ja illasta erityinen \u2013 n\u00e4hd\u00e4\u00e4n Torikeskuksessa![\/vc_column_text][\/vc_column][\/vc_row][vc_row bg_style=&#8221;stretch&#8221; local_scroll_id=&#8221;poikkeus&#8221;][vc_column width=&#8221;1\/4&#8243;]<div class=\"vcex-spacing wpex-w-100 wpex-clear\" style=\"height:20px\"><\/div><div class=\"vcex-module vcex-icon wpex-no-underline wpex-clr vcex-icon-normal wpex-float-none wpex-m-auto wpex-text-center\"><div class=\"vcex-icon-wrap wpex-leading-none wpex-inline-block\" style=\"font-size:100px;color:#ffffff;background-color:#ef8e2a;border-radius:99px;height:160px;line-height:160px;width:160px;\"><span class=\"ticon ticon-clock-o\"><\/span><\/div><\/div>[\/vc_column][vc_column width=&#8221;3\/4&#8243; style=&#8221;default&#8221; bg_style=&#8221;stretch&#8221; padding_left=&#8221;15px&#8221;][vc_column_text]\n<h2>Aukioloajat<\/h2>\n<p class=\"p1\">Kauppakeskuksen aukioloajat:<\/p>\n<p class=\"p1\">Ma-pe 6-19<br \/>\nLa \u00a0 \u00a08-17<br \/>\nSu \u00a0 Suljettu<\/p>\n<p>Torik\u00e4yt\u00e4v\u00e4 2.krs avoinna Ma-La 11-16, Su Suljettu<\/p>\n<p>Suljettu p\u00e4\u00e4si\u00e4isen\u00e4 pe, su ja ma. La 4.4. avoinna normaalisti klo 8-17.<\/p>\n<p>K-Market ja ravintolat palvelevat omien aukioloaikojensa mukaisesti.<\/p>\n<p class=\"p1\">Katso liikekohtaiset aukioloajat <a href=\"https:\/\/torikeskus.fi\/?page_id=196\">t\u00e4\u00e4lt\u00e4<\/a>.<\/p>\n[\/vc_column_text][\/vc_column][\/vc_row][vc_row bg_style=&#8221;stretch&#8221; border_style=&#8221;solid&#8221; padding_top=&#8221;30px&#8221;][vc_column width=&#8221;1\/4&#8243;]<div class=\"vcex-spacing wpex-w-100 wpex-clear\" style=\"height:20px\"><\/div><div class=\"vcex-module vcex-icon wpex-no-underline wpex-clr vcex-icon-normal wpex-float-none wpex-m-auto wpex-text-center\"><div class=\"vcex-icon-wrap wpex-leading-none wpex-inline-block\" style=\"font-size:100px;color:#ffffff;background-color:#ef8e2a;border-radius:99px;height:160px;line-height:160px;width:160px;\"><span class=\"ticon ticon-map-marker\"><\/span><\/div><\/div>[\/vc_column][vc_column width=&#8221;3\/4&#8243; style=&#8221;default&#8221; bg_style=&#8221;stretch&#8221; padding_left=&#8221;15px&#8221;][vc_column_text]\n<h2>Kuinka saapua?<\/h2>\n<p>Torikeskus sijaitsee aivan Jyv\u00e4skyl\u00e4n ydinkeskustassa V\u00e4in\u00f6nkadun, Kauppakadun ja Yliopistonkadun ymp\u00e4roim\u00e4ss\u00e4 korttelissa. Sis\u00e4\u00e4nk\u00e4ynnit Torikeskukseen ovat V\u00e4in\u00f6nkadulla, Yliopistonkadulla, Kauppakadulla sek\u00e4 Kauppalaispihalla. Torikeskuksen sijainnin n\u00e4et tarkemmin viel\u00e4 <a href=\"https:\/\/www.google.fi\/maps\/place\/Yliopistonkatu+36,+40100+Jyv%C3%A4skyl%C3%A4\/@62.2441005,25.7448429,17z\/data=!3m1!4b1!4m5!3m4!1s0x468574167b21de8b:0x60a60a9346611936!8m2!3d62.244098!4d25.7470369\">Google Mapsista<\/a>.<\/p>\n<p>Huom! Sis\u00e4\u00e4nk\u00e4ynnit esteett\u00f6m\u00e4ll\u00e4 kululla Torikeskuksen 1., 3. ja 4.kerrokseen sijaitsevat V\u00e4in\u00f6nkadulla ja Kauppakadulla. 2.kerrokseen p\u00e4\u00e4set esteett\u00f6m\u00e4sti vain Kauppalaispihalta normaalien aukioloaikojen mukaisesti ja Yliopistonkadulta Torik\u00e4yt\u00e4v\u00e4n ollessa auki.<\/p>\n<p>Parkkeeraus P-Torissa osoitteessa Yliopistonkatu 15.<\/p>\n<p>Jyv\u00e4skyl\u00e4n paikallisliikenteen linja-autopys\u00e4kit l\u00f6ytyv\u00e4t Vapaudenkadulta. Paikallisliikenteen pys\u00e4keilt\u00e4 Torikeskukseen on noin 350 metri\u00e4. <a href=\"http:\/\/linkki.jyvaskyla.fi\/\">Katso paikallisliikenteen aikataulut t\u00e4\u00e4lt\u00e4<\/a>.<\/p>\n<p>Junat ja pitk\u00e4n matkan linja-autot saapuvat Matkakeskukseen. Matkakeskukselta Torikeskukseen matkaa on noin 600 metri\u00e4.[\/vc_column_text][\/vc_column][\/vc_row][vc_row bg_style=&#8221;stretch&#8221; border_style=&#8221;solid&#8221; padding_top=&#8221;30px&#8221;][vc_column width=&#8221;1\/4&#8243;]<div class=\"vcex-spacing wpex-w-100 wpex-clear\" style=\"height:20px\"><\/div><div class=\"vcex-module vcex-icon wpex-no-underline wpex-clr vcex-icon-normal wpex-float-none wpex-m-auto wpex-text-center\"><div class=\"vcex-icon-wrap wpex-leading-none wpex-inline-block\" style=\"font-size:100px;color:#ffffff;background-color:#ef8e2a;border-radius:99px;height:160px;line-height:160px;width:160px;\"><span class=\"ticon ticon-facebook\"><\/span><\/div><\/div>[\/vc_column][vc_column width=&#8221;3\/4&#8243; style=&#8221;default&#8221; bg_style=&#8221;stretch&#8221; padding_left=&#8221;15px&#8221;][vc_column_text]\n<h2>Torikeskuksen Facebook- ja Instagram kilpailuiden s\u00e4\u00e4nn\u00f6t<\/h2>\n<p>Arvonnan j\u00e4rjest\u00e4\u00e4 Torikeskus. Palkinnon vastaanottaja vastaa voiton hyv\u00e4ksymisest\u00e4 aiheutuneista kuluista. Voittajan kommenttiin vastataan ja voitosta ilmoitetaan yksityisviestill\u00e4. Torikeskus voi ev\u00e4t\u00e4 henkil\u00f6n osallistumisen ep\u00e4soveliaan k\u00e4yt\u00f6ksen perusteella.<\/p>\n<p>Kilpailu ei ole Facebookin tai Instagramin sponsoroima, suosittelema, hallinnoima, eik\u00e4 mill\u00e4\u00e4n tavalla liity Facebookiin tai Instagramiin. Osallistujat vapauttavat Facebookin kaikesta vastuusta kilpailuun liittyen. Annettuja nimi\u00e4 ja yhteystietoja ei luovuteta kolmansille osapuolille eik\u00e4 k\u00e4ytet\u00e4 suoramarkkinointiin.\u00a0Kilpailun j\u00e4rjest\u00e4j\u00e4 pid\u00e4tt\u00e4\u00e4 oikeuden s\u00e4\u00e4nt\u00f6muutoksiin.[\/vc_column_text][\/vc_column][\/vc_row]\n","protected":false},"excerpt":{"rendered":"<p>[vc_row bg_style=&#8221;stretch&#8221;][vc_column][\/vc_column][\/vc_row][vc_row bg_style=&#8221;stretch&#8221;][vc_column width=&#8221;1\/4&#8243;][vc_column_text color=&#8221;#333333&#8243; font_size=&#8221;1.2em&#8221;] Kauppakeskus Torikeskus V\u00e4in\u00f6nkatu 11 \/ Yliopistonkatu 36-38 40100 Jyv\u00e4skyl\u00e4 [\/vc_column_text][\/vc_column][vc_column width=&#8221;1\/4&#8243;][vc_column_text color=&#8221;#333333&#8243; font_size=&#8221;1.2em&#8221;]Is\u00e4nn\u00f6inti Business Network Oy Salla Passi salla.passi@bn.fi[\/vc_column_text][\/vc_column][vc_column width=&#8221;2\/4&#8243;][vc_column_text font_size=&#8221;1.2em&#8221;]Torikeskus \u2013 keskell\u00e4 kaupungin sykett\u00e4! Sijaitsemme Jyv\u00e4skyl\u00e4n ydinkeskustassa V\u00e4in\u00f6nkadun, Kauppakadun ja Yliopistonkadun ymp\u00e4r\u00f6im\u00e4ss\u00e4 korttelissa.&hellip;<\/p>\n","protected":false},"author":1,"featured_media":0,"parent":0,"menu_order":0,"comment_status":"closed","ping_status":"closed","template":"","meta":{"footnotes":""},"pp_force_visibility":null,"pp_subpost_visibility":null,"pp_inherited_force_visibility":null,"pp_inherited_subpost_visibility":null,"_links":{"self":[{"href":"https:\/\/torikeskus.fi\/index.php?rest_route=\/wp\/v2\/pages\/941"}],"collection":[{"href":"https:\/\/torikeskus.fi\/index.php?rest_route=\/wp\/v2\/pages"}],"about":[{"href":"https:\/\/torikeskus.fi\/index.php?rest_route=\/wp\/v2\/types\/page"}],"author":[{"embeddable":true,"href":"https:\/\/torikeskus.fi\/index.php?rest_route=\/wp\/v2\/users\/1"}],"replies":[{"embeddable":true,"href":"https:\/\/torikeskus.fi\/index.php?rest_route=%2Fwp%2Fv2%2Fcomments&post=941"}],"version-history":[{"count":32,"href":"https:\/\/torikeskus.fi\/index.php?rest_route=\/wp\/v2\/pages\/941\/revisions"}],"predecessor-version":[{"id":5298,"href":"https:\/\/torikeskus.fi\/index.php?rest_route=\/wp\/v2\/pages\/941\/revisions\/5298"}],"wp:attachment":[{"href":"https:\/\/torikeskus.fi\/index.php?rest_route=%2Fwp%2Fv2%2Fmedia&parent=941"}],"curies":[{"name":"wp","href":"https:\/\/api.w.org\/{rel}","templated":true}]}}

[vc_row bg_style=&#8221;stretch&#8221;][vc_column]<div class="vcex-module vcex-heading wpex-text-2xl wpex-font-normal wpex-m-auto wpex-max-w-100 vcex-heading-plain wpex-block wpex-text-center" style="font-size:4em;"><span class="vcex-heading-inner wpex-inline-block wpex-clr">Tervetuloa Torikeskuksen info-sivuille!</span></div>[/vc_column][/vc_row][vc_row bg_style=&#8221;stretch&#8221;][vc_column width=&#8221;1/4&#8243;][vc_column_text color=&#8221;#333333&#8243; font_size=&#8221;1.2em&#8221;]
<p class="p1"><strong>Kauppakeskus Torikeskus</strong></p>
<p class="p1">Väinönkatu 11 / Yliopistonkatu 36-38<br />
40100 Jyväskylä</p>
[/vc_column_text][/vc_column][vc_column width=&#8221;1/4&#8243;][vc_column_text color=&#8221;#333333&#8243; font_size=&#8221;1.2em&#8221;]<strong>Isännöinti</strong><br />
Business Network Oy<br />
Salla Passi</p>
<p>salla.passi@bn.fi[/vc_column_text][/vc_column][vc_column width=&#8221;2/4&#8243;][vc_column_text font_size=&#8221;1.2em&#8221;]Torikeskus – keskellä kaupungin sykettä! Sijaitsemme Jyväskylän ydinkeskustassa Väinönkadun, Kauppakadun ja Yliopistonkadun ympäröimässä korttelissa. Meiltä löydät pienyrittäjien persoonalliset erikoisliikkeet sekä ravintolat ja trendikkäät illanviettopaikat. Tarvitsetpa sitten uudet vaatteet, silmälasit, kampaamo- ja kauneushoitolapalveluita, tai haluat viettää mukavan illan, Kauppakeskus Torikeskuksen liikkeet ja ravintolat palvelevat sinua. Tule tekemään päivästä ja illasta erityinen – nähdään Torikeskuksessa![/vc_column_text][/vc_column][/vc_row][vc_row bg_style=&#8221;stretch&#8221; local_scroll_id=&#8221;poikkeus&#8221;][vc_column width=&#8221;1/4&#8243;]<div class="vcex-spacing wpex-w-100 wpex-clear" style="height:20px"></div><div class="vcex-module vcex-icon wpex-no-underline wpex-clr vcex-icon-normal wpex-float-none wpex-m-auto wpex-text-center"><div class="vcex-icon-wrap wpex-leading-none wpex-inline-block" style="font-size:100px;color:#ffffff;background-color:#ef8e2a;border-radius:99px;height:160px;line-height:160px;width:160px;"><span class="ticon ticon-clock-o"></span></div></div>[/vc_column][vc_column width=&#8221;3/4&#8243; style=&#8221;default&#8221; bg_style=&#8221;stretch&#8221; padding_left=&#8221;15px&#8221;][vc_column_text]
<h2>Aukioloajat</h2>
<p class="p1">Kauppakeskuksen aukioloajat:</p>
<p class="p1">Ma-pe 6-19<br />
La    8-17<br />
Su   Suljettu</p>
<p>Torikäytävä 2.krs avoinna Ma-La 11-16, Su Suljettu</p>
<p>Suljettu pääsiäisenä pe, su ja ma. La 4.4. avoinna normaalisti klo 8-17.</p>
<p>K-Market ja ravintolat palvelevat omien aukioloaikojensa mukaisesti.</p>
<p class="p1">Katso liikekohtaiset aukioloajat <a href="https://torikeskus.fi/?page_id=196">täältä</a>.</p>
[/vc_column_text][/vc_column][/vc_row][vc_row bg_style=&#8221;stretch&#8221; border_style=&#8221;solid&#8221; padding_top=&#8221;30px&#8221;][vc_column width=&#8221;1/4&#8243;]<div class="vcex-spacing wpex-w-100 wpex-clear" style="height:20px"></div><div class="vcex-module vcex-icon wpex-no-underline wpex-clr vcex-icon-normal wpex-float-none wpex-m-auto wpex-text-center"><div class="vcex-icon-wrap wpex-leading-none wpex-inline-block" style="font-size:100px;color:#ffffff;background-color:#ef8e2a;border-radius:99px;height:160px;line-height:160px;width:160px;"><span class="ticon ticon-map-marker"></span></div></div>[/vc_column][vc_column width=&#8221;3/4&#8243; style=&#8221;default&#8221; bg_style=&#8221;stretch&#8221; padding_left=&#8221;15px&#8221;][vc_column_text]
<h2>Kuinka saapua?</h2>
<p>Torikeskus sijaitsee aivan Jyväskylän ydinkeskustassa Väinönkadun, Kauppakadun ja Yliopistonkadun ympäroimässä korttelissa. Sisäänkäynnit Torikeskukseen ovat Väinönkadulla, Yliopistonkadulla, Kauppakadulla sekä Kauppalaispihalla. Torikeskuksen sijainnin näet tarkemmin vielä <a href="https://www.google.fi/maps/place/Yliopistonkatu+36,+40100+Jyv%C3%A4skyl%C3%A4/@62.2441005,25.7448429,17z/data=!3m1!4b1!4m5!3m4!1s0x468574167b21de8b:0x60a60a9346611936!8m2!3d62.244098!4d25.7470369">Google Mapsista</a>.</p>
<p>Huom! Sisäänkäynnit esteettömällä kululla Torikeskuksen 1., 3. ja 4.kerrokseen sijaitsevat Väinönkadulla ja Kauppakadulla. 2.kerrokseen pääset esteettömästi vain Kauppalaispihalta normaalien aukioloaikojen mukaisesti ja Yliopistonkadulta Torikäytävän ollessa auki.</p>
<p>Parkkeeraus P-Torissa osoitteessa Yliopistonkatu 15.</p>
<p>Jyväskylän paikallisliikenteen linja-autopysäkit löytyvät Vapaudenkadulta. Paikallisliikenteen pysäkeiltä Torikeskukseen on noin 350 metriä. <a href="http://linkki.jyvaskyla.fi/">Katso paikallisliikenteen aikataulut täältä</a>.</p>
<p>Junat ja pitkän matkan linja-autot saapuvat Matkakeskukseen. Matkakeskukselta Torikeskukseen matkaa on noin 600 metriä.[/vc_column_text][/vc_column][/vc_row][vc_row bg_style=&#8221;stretch&#8221; border_style=&#8221;solid&#8221; padding_top=&#8221;30px&#8221;][vc_column width=&#8221;1/4&#8243;]<div class="vcex-spacing wpex-w-100 wpex-clear" style="height:20px"></div><div class="vcex-module vcex-icon wpex-no-underline wpex-clr vcex-icon-normal wpex-float-none wpex-m-auto wpex-text-center"><div class="vcex-icon-wrap wpex-leading-none wpex-inline-block" style="font-size:100px;color:#ffffff;background-color:#ef8e2a;border-radius:99px;height:160px;line-height:160px;width:160px;"><span class="ticon ticon-facebook"></span></div></div>[/vc_column][vc_column width=&#8221;3/4&#8243; style=&#8221;default&#8221; bg_style=&#8221;stretch&#8221; padding_left=&#8221;15px&#8221;][vc_column_text]
<h2>Torikeskuksen Facebook- ja Instagram kilpailuiden säännöt</h2>
<p>Arvonnan järjestää Torikeskus. Palkinnon vastaanottaja vastaa voiton hyväksymisestä aiheutuneista kuluista. Voittajan kommenttiin vastataan ja voitosta ilmoitetaan yksityisviestillä. Torikeskus voi evätä henkilön osallistumisen epäsoveliaan käytöksen perusteella.</p>
<p>Kilpailu ei ole Facebookin tai Instagramin sponsoroima, suosittelema, hallinnoima, eikä millään tavalla liity Facebookiin tai Instagramiin. Osallistujat vapauttavat Facebookin kaikesta vastuusta kilpailuun liittyen. Annettuja nimiä ja yhteystietoja ei luovuteta kolmansille osapuolille eikä käytetä suoramarkkinointiin. Kilpailun järjestäjä pidättää oikeuden sääntömuutoksiin.[/vc_column_text][/vc_column][/vc_row]

<p>[vc_row bg_style=&#8221;stretch&#8221;][vc_column][/vc_column][/vc_row][vc_row bg_style=&#8221;stretch&#8221;][vc_column width=&#8221;1/4&#8243;][vc_column_text color=&#8221;#333333&#8243; font_size=&#8221;1.2em&#8221;] Kauppakeskus Torikeskus Väinönkatu 11 / Yliopistonkatu 36-38 40100 Jyväskylä [/vc_column_text][/vc_column][vc_column width=&#8221;1/4&#8243;][vc_column_text color=&#8221;#333333&#8243; font_size=&#8221;1.2em&#8221;]Isännöinti Business Network Oy Salla Passi salla.passi@bn.fi[/vc_column_text][/vc_column][vc_column width=&#8221;2/4&#8243;][vc_column_text font_size=&#8221;1.2em&#8221;]Torikeskus – keskellä kaupungin sykettä! Sijaitsemme Jyväskylän ydinkeskustassa Väinönkadun, Kauppakadun ja Yliopistonkadun ympäröimässä korttelissa.&hellip;</p>
